0 = -y - 3*n, 3*y = y + 3*n + 2533. Suppose 3*d - 3*f - y = f, -f = 2*d - 829. Is d composite?
True
Let w = 1508 + -780. Suppose 157 + w = 3*h. Suppose d - h = -4*d. Is d prime?
True
Is (1 + -4)/(3/(-3569)) a composite number?
True
Let j be (-3)/6 - 14/4. Let n(g) = g**2 + 3*g + 1. Let k be n(j). Suppose 0 = s - k*s + 764. Is s composite?
False
Let t = -26 + 31. Is (-4962)/(-15) + t/25 a prime number?
True
Suppose -4*i - 2803 + 12135 = 0. Is i prime?
True
Let t be (-2 + 1 + -35)/(-1). Let s = 414 + -352. Let c = s - t. Is c a prime number?
False
Suppose -4*g + u + 194525 = -2*u, 48641 = g - 4*u. Is g prime?
False
Let h(d) be the first derivative of 2*d**3 - d**2/2 - 4*d - 2. Let o be h(5). Suppose 4*v + 156 + o = z, -2*z + 584 = 2*v. Is z a prime number?
True
Suppose 13*g - 27*g = -62174. Is g a composite number?
False
Is (997 + -9 - -5)/((-15)/(-535)) prime?
False
Let n(z) = 522*z - 15. Let k be n(2). Suppose -2*v + k + 977 = 0. Is v composite?
True
Let o(x) = -3*x - 1. Let y be o(-2). Is 2 + (5 - y) + 1217 composite?
True
Let k = 88 + -60. Is (34 + (0 - 1))*k/12 composite?
True
Let n be ((-4)/((-80)/(-25)))/((-2)/8). Suppose 235 = n*o - 200. Is o a prime number?
False
Let z = -4265 + 39936. Is z a composite number?
False
Suppose 0*r = r - 2. Suppose w - 155 = -r*c, 0 = 3*c + 5*w + 84 - 320. Is c a composite number?
True
Let c = 12 + -10. Suppose c*w - 364 - 24 = 0. Is w composite?
True
Let h(s) = 8*s - 46. Let k be h(6). Suppose 1949 = 5*l - k*n, 614 = -4*l + 3*n + 2176. Is l prime?
True
Suppose -4*w + 2075 = -3*b - 213, 5*b - 4*w + 3808 = 0. Let t = 895 - b. Is t a composite number?
True
Let o(h) = -h**2 + 2. Let f be o(0). Let w(m) = 3*m**f - 6*m**3 - 2*m**2 + 0*m**2 + 1 + 3*m**2 + m. Is w(-4) composite?
True
Let r(v) = -1052*v - 3. Let j = -29 + 28. Is r(j) prime?
True
Let w = 205 - 680. Let j = w - -854. Suppose -j = 5*u - 6*u. Is u a composite number?
False
Let l(g) = 1604*g**3 + g**2 + 3*g - 6. Let w be l(2). Let r = w - 9051. Is r a prime number?
False
Suppose 0 = -5*u + 2204 + 3426. Is u composite?
True
Let d(z) = 32*z**2 - 3*z - 1. Let x(c) = 63*c**2 - 5*c - 1. Let k(s) = -5*d(s) + 3*x(s). Let g = -1 + 4. Is k(g) a composite number?
False
Let x(c) = -2*c**2 - c. Let l(m) = 122*m**2 + 7*m + 7. Let a(b) = l(b) + 4*x(b). Is a(-2) a composite number?
False
Let w(k) be the second derivative of k**5/4 - 5*k**3/3 + 6*k**2 + 10*k. Is w(5) composite?
False
Let j = 8042 - -2249. Is j composite?
True
Let r(t) = 43*t**2 + 4*t - 1. Let o be 48/(-26) - 24/156. Is r(o) prime?
True
Let x be (4 + -1)*2509/39. Let l = x + -104. Is l a composite number?
False
Suppose u = 2*u - 3*g - 17, -1 = -u - g. Suppose 19 = 5*s - 41. Suppose -s = -u*b + b. Is b a prime number?
True
Let z be (-4 - -1)*45/(-27). Suppose -3051 = -4*h + 3*s, -h - z*s + 2281 = 2*h. Suppose 0 = -10*d + 4*d + h. Is d a prime number?
True
Let p(b) = 4*b - 6. Let q be p(4). Suppose 6*j - q*j = 132. Is (j/12)/((-1)/20) a prime number?
False
Suppose -4*u = -a + 6 - 19, 0 = -2*a - 2*u + 14. Suppose 0*b + 447 = a*b. Is b composite?
False
Suppose -3*a + 10703 = -4*w, 0 = 2*a - 3*w - 2012 - 5123. Is a a prime number?
False
Suppose 0 = 3*k - 12, -2*k - k = -2*f + 70034. Is f composite?
False
Suppose 8*n - 33378 = 36878. Is n a prime number?
False
Let n be 162848/49 + 8/14. Is (n/(-12))/((-1)/11) a composite number?
True
Suppose 2*n - 3*n = -3. Suppose -4*h + 3*h = -3*u - 442, n*u = -h + 454. Suppose -5*d + h + 297 = 0. Is d composite?
False
Suppose -5*a + 3*k - 2*k = -761, -3*a - 5*k = -479. Suppose -a = -d + 8. Suppose -2*c - 2144 = -4*q, 2*q + 4*c - 931 = d. Is q prime?
False
Let b = 18 + -18. Suppose x - 6*x - 11 = 4*r, b = 4*x - 2*r - 12. Suppose -y + 118 = -x. Is y a composite number?
True
Let r = 5 - 5. Suppose -v - p = 275, r = 3*v - p - 4*p + 865. Let h = v + 533. Is h a prime number?
False
Let w = 27 + -21. Suppose w*i = 9*i - 3. Let g = i + 180. Is g a composite number?
False
Suppose 6*a - 2*a = 3*f + 11, -5*f = 25. Is (a - 2 - -4)/(1/291) a prime number?
False
Suppose 34*j - 35*j = -769. Is j composite?
False
Suppose -15728 = -4*i + 3*u + 5939, -3*i + 3*u + 16248 = 0. Is i prime?
True
Suppose -6 = -m - 3. Suppose m + 3 = 2*b. Suppose q + 4*n = 71, -3*q + b*n = -2*q - 50. Is q prime?
True
Let t(u) be the second derivative of -2*u**3/3 - 7*u**2 - 9*u. Let l be t(-11). Suppose l*p + 331 = 31*p. Is p composite?
False
Let x(r) = -12 + 5 + 2*r + 919*r**2 - 2. Is x(2) a prime number?
True
Is (-11)/110 + 33591/10 a composite number?
False
Let u be 112/(-12) + (-6)/9. Let i(r) = -r**2 - 13*r - 7. Is i(u) a prime number?
True
Suppose 16 = -4*l - 0. Is (-2704*1)/l - 3 a prime number?
True
Is (0 - -13368) + 5/((-20)/4) composite?
False
Let v(x) = -90*x - 21. Let f be v(-9). Let d = f - -194. Is d prime?
True
Let t(c) = c**3 - 5*c**2 - 6*c + 4. Let j be t(6). Suppose o - 1 = y, j*y - 29 = -2*o - 3. Suppose -377 - 131 = -y*g. Is g a composite number?
False
Suppose -3*w = w - 2*z - 5422, -2*z - 4066 = -3*w. Suppose -3*i + w + 363 = 0. Is i a prime number?
False
Suppose h + 3*j = -j - 24, -h + 3*j + 11 = 0. Let x be 3 - h*(-3)/12. Suppose -x*m = -577 - 397. Is m composite?
False
Let y = -2070 - -6143. Is y composite?
False
Let u be ((-4)/(-10))/(2/20). Suppose 3*z - 381 = -3*a, -u*a = a + z - 635. Is a a prime number?
True
Is -739*10/(-20)*34 prime?
False
Let p(b) = b**2 - 3*b - 2. Let o be p(4). Suppose -q = o*a - 364 - 313, -4*a = -q + 665. Is q prime?
True
Suppose 7*x - 42891 = 80638. Is x prime?
False
Let s be ((-4)/(-6))/(20/90). Suppose -s*a - 4*b + 66 = -7*b, 0 = 5*a + 4*b - 92. Is a/16*(293 + -1) composite?
True
Let l(j) = j**3 + 43*j**2 - 81*j - 29. Is l(-36) composite?
False
Suppose u - 6*u - 197 = -3*h, 0 = -2*h - u + 127. Let s = h - 11. Is s prime?
True
Let f = 9 + -27. Let s = f + 22. Suppose -s*h = -85 - 47. Is h prime?
False
Let n(z) = 31*z**3 - 5*z**2 - z - 2. Let x be n(4). Suppose 0 = h - 6*h - 25, 3*d - x = -5*h. Is d a prime number?
True
Let c be (-804)/7*539/22. Is 6/(-4) + c/(-4) + -1 a prime number?
True
Suppose 9*z = -5*m + 13*z + 32721, -m = -2*z - 6549. Is m composite?
True
Is -11 + 6 + -11*(1 - 39) composite?
True
Is (-1 - -6 - 3699)*-2 + 5 a prime number?
True
Let l = 9195 - -16370. Is l a prime number?
False
Let p(n) = 75*n**2 + n + 1. Let m be p(-1). Suppose 2*t + 175 = -m. Let x = t - -214. Is x prime?
True
Is 78647 + (-9 - -8)*4 composite?
False
Let m be (-7)/7 - 1/(-1). Suppose l + 2*l - 474 = m. Is l a prime number?
False
Suppose 2*o - 4 = 12. Let r = o - 4. Suppose -5*c - 5*h + 1760 = 0, 4*c - r*h = -c + 1715. Is c composite?
False
Suppose -18*b + 259580 = 2*b. Is b a composite number?
False
Suppose 18*b = 8*b + 57370. Is b prime?
True
Suppose -7*a - 2841 = -w - 3*a, -2*a = 2*w - 5732. Is w a composite number?
False
Let v = 21 - 52. Is 6/33 + v/(-22)*3038 a prime number?
False
Suppose -3*n + 5*n + 2*s + 20 = 0, 2*s + 44 = -4*n. Is 1*-226*n/8 a composite number?
True
Let t = 1486 + 7195. Is t a composite number?
False
Suppose 0 = -32*h + 22*h + 24670. Is h a prime number?
True
Suppose -3*d = 11*p - 12*p + 9555, 2*d - 38164 = -4*p. Is p composite?
True
Let x(j) be the third derivative of -j**6/120 + 3*j**5/10 - 3*j**4/4 - 3*j**3/2 + 10*j**2. Let f be x(17). Is (-1114)/f - 4/(-26) prime?
True
Let h(w) = w**3 - 4*w**2 + 3*w - 2. Let l be h(4). Suppose 3*i = 2*f + l, -3*f - f - 20 = -i. Let d(b) = b + 203. Is d(i) a composite number?
True
Suppose 46*c + 40*c = 2836882. Is c a prime number?
True
Suppose -5*x = 15, -3*d - d + 9 = x. Suppose d*q = 6*q - 1437. Is q composite?
False
Let l = 13 - 11. Suppose 3*k + l*x = 31, 3*x = -3*k - 0*k + 33. Is (-874)/(-6) - 6/k a prime number?
False
Suppose 14*v = -18*v + 78944. Is v a prime number?
True
Let b(f) = -f**3 + f**2 + 3*f + 2. Let j = 21 + -25. Let x be b(j). Is 20/x + 12106/14 a prime number?
False
Let x(j) = -j**3 - 4*j**2 - 14*j + 47. Is x(-14) composite?
False
Let x = -2944 - -4137. Is x a prime number?
True
Let m be 47637/(-6) - 4/(6 - -2). Let p = 6543 - m. Is p a composite number?
True
Let a = -17 + 22. Suppose -q + 2*b + 31 = 0, -a*q + 3*b = -187 + 11. Is q composite?
False
Suppose -4*t + 355 = -1105. Let z = 660 - t. Is z composite?
True
Let i = 25 - 21. Suppose -4*z - z = 0. Suppose u - i = z, 2*n + 4*u - 90 =